85)/(-170)*(-1 - -939)?
7, 67
Let g(k) = -k - 4 - k**2 + k**2 - k**2 + k**3 - k**2. Let l be g(3). Let z(c) = 5*c**3 - 3*c**2 + c - 1. List the prime factors of z(l).
29
Let a(x) = -53*x**3 + 4*x**2 - 6*x - 15. What are the prime factors of a(-3)?
2, 3, 5, 7
Let n = 3078 - 264. What are the prime factors of n?
2, 3, 7, 67
Suppose 18*h - 4921 = 11*h. What are the prime factors of h?
19, 37
Let o be (9/12)/1*(-324)/(-1). What are the prime factors of o + (-5 - (3 + -5))?
2, 3, 5
Let b = -748 + 1525. List the prime factors of b.
3, 7, 37
Suppose -2*i = 2*c - 334, -7*c = -11*c + i + 678. What are the prime factors of c?
13
Suppose -2*x = -q - 325 - 371, -x + 3*q = -348. List the prime factors of x.
2, 3, 29
Suppose 2*r = -0*r - b + 4584, -11454 = -5*r - b. What are the prime factors of r?
2, 5, 229
Let w = 8 + -2. Suppose w*b = 271 - 37. List the prime factors of b.
3, 13
Let s(v) = 162*v**2 + v + 3. List the prime factors of s(-2).
11, 59
Let o = -1 + 1. Suppose 5*s - 21 = -2*d - 0*s, 0 = -5*d - 2*s + 21. Suppose o = 4*w + l - 62, 2*w - 25 = -2*l + d. List the prime factors of w.
2
Let l(n) = -14*n**3 - n**2. Suppose -3*b - 1 - 2 = 0. Let c be l(b). Let s = -6 + c. List the prime factors of s.
7
Suppose 5*o - 4*x = 27, -x - 6 = -3*o - 2*x. Suppose -33 = -3*g + 3*v, -5*v = g - o*g + 28. List the prime factors of g - (-2 - 1 - -5).
7
Let p = -426 - -553. List the prime factors of p.
127
Let o(b) = 244*b - 106. List the prime factors of o(8).
2, 13, 71
Let o = -21 + 18. Let n be 5/((-45)/6)*o. Suppose -255 = -3*q - n*q. List the prime factors of q.
3, 17
Suppose -c = h - 113, 2*h + 235 = 2*c + 7*h. Suppose t - 57 = c. What are the prime factors of t?
167
Suppose 10*k = 13*k + 36. What are the prime factors of (-92)/(-6)*(-54)/k?
3, 23
Let p(y) = y**3 - 13*y**2 - y + 15. Let u be p(13). Suppose -4*l = -3*c - 14, -u*l = -4 - 0. Let d = 9 - c. List the prime factors of d.
11
Let k(p) be the first derivative of 5*p**2/2 + 2*p + 3. Let l be k(2). Suppose w - l = -0*w. What are the prime factors of w?
2, 3
What are the prime factors of -2 - (1108/(-12))/((-3)/(-27))?
829
Let p(v) = 5*v - 12. Let o(y) = y. Let a(r) = -6*o(r) + p(r). Let d be a(-15). Suppose 3*b + 27 = 4*g + 8*b, 0 = d*g - 2*b - 3. What are the prime factors of g?
3
Let b(c) = 137*c - 138. List the prime factors of b(8).
2, 479
Let h be 1 + 3 + 0/(-3). Suppose 2*s = h*v + 302, 2*s + 2*s + 2*v - 574 = 0. What are the prime factors of s?
5, 29
Let g = 152 - 240. Let h = -19 - g. What are the prime factors of h?
3, 23
Let f = 81 + -21. What are the prime factors of f?
2, 3, 5
Suppose -4*i + d - 3*d + 8 = 0, i - 2 = 2*d. List the prime factors of 34*i*6/8.
3, 17
Suppose 6*i = 3*i + 6. Suppose 2*x - 78 = i*d, 3*d - x + 119 = -0*x. What are the prime factors of (d/(-15))/(8/108)?
2, 3
Let x(c) = -c**2 + 12*c - 7. Let m(f) = 3*f + 32. Let y(j) = j + 8. Let r(v) = 2*m(v) - 9*y(v). Let g be r(-6). What are the prime factors of x(g)?
13
Let f = -12 - -39. Suppose 3 = 3*o - f. List the prime factors of (-5)/o - 47/(-2).
23
Suppose 4*k = -0*k + 44. Let r = k + -8. List the prime factors of r/(-6)*-4 + 6.
2
Let o be (2 - 4) + 5 + 2. Suppose 4*i - 21 = i - 2*a, -31 = -o*i - 2*a. Let d = i - 2. What are the prime factors of d?
3
Let t(k) = 2*k + 5. Suppose -4*q + 5*n - 18 = -5*q, 3*q = -5*n + 24. What are the prime factors of t(q)?
11
Let i(v) = -74*v - 91. Let o be (-12)/4 - (3 + -1 - -1). List the prime factors of i(o).
353
Suppose -9*v + 18*v = 7236. List the prime factors of v.
2, 3, 67
Let o be (4 - -2)/2*1. Suppose -l + 2*l - 3*x - 18 = 0, -2*l + o*x + 21 = 0. What are the prime factors of l?
3
Suppose 3*i + 2*n = 27, -3*i = -0*i - 2*n - 15. Let l(w) = 3*w**2 + 12*w - 11. List the prime factors of l(i).
2, 5, 11
Suppose h - 5*z = 1, 2*z = -h + 3 - 2. List the prime factors of (-3)/(h - (-48)/(-45)).
3, 5
Let c(i) = -i**3 + 4*i**2 + i + 1. Let o be c(4). Suppose l = 5*f + 120, 4*f = -4*l + o*f + 423. Suppose -l = 4*v - 9*v. List the prime factors of v.
3, 7
Let o(j) = -2*j - 5 + 5*j + 5*j**2 + j**2 - 5*j**2. Suppose -5*r + 32 = -2*s, 4*s + 2*r = -11 - 5. List the prime factors of o(s).
13
Let q(h) be the third derivative of -6*h**2 + 0*h + 1/6*h**3 - 1/6*h**4 + 0. What are the prime factors of q(-5)?
3, 7
Let i(p) = -2*p**2 + 3*p - 4. Let y(t) = -2*t**2 + 4*t - 5. Let x(w) = -3*i(w) + 2*y(w). Let d be x(4). Let s = 77 - d. List the prime factors of s.
47
Suppose 0 = 3*r + 4*r - 2765. What are the prime factors of r?
5, 79
Let d(n) = 7*n**2 + 23*n + 51. List the prime factors of d(-17).
3, 11, 17
Let m(z) = -4*z. Let n be m(-1). Suppose 5*s + i = 101, n*s - 103 = -i - 23. List the prime factors of s.
3, 7
Let c = 21 + -17. Suppose 2*w = -c*w + 114. List the prime factors of w.
19
List the prime factors of 3/(-2)*(-3)/(-9)*-914.
457
Let p = 247 - -759. What are the prime factors of p?
2, 503
Suppose 5*i = v + 53, i + 0*v = 2*v + 7. Let a = 6 - i. Let l(t) = -2*t + 11. List the prime factors of l(a).
3, 7
Let b = -1190 - -1773. Suppose 5*h = b + 87. List the prime factors of h.
2, 67
Suppose -1238 + 3874 = 2*v - 5*m, 4*m + 2640 = 2*v. List the prime factors of v.
2, 83
Let a be -5 + (-4)/8*-10. Suppose a = 3*h - 221 - 211. List the prime factors of h.
2, 3
Let b be 20/50 + (-9)/(-15). List the prime factors of (-26)/(-30) - b - (-135120)/900.
2, 3, 5
Suppose -5320 = -13*m + 868. What are the prime factors of m?
2, 7, 17
Let t = -128 + 181. Suppose -t = 3*o + 7. What are the prime factors of (-3)/(-3) + o/(-1)?
3, 7
Let v(a) = 4*a**2 + 28*a - 82. What are the prime factors of v(-17)?
2, 13, 23
Suppose -5*d + 2840 = -2*i, i + 524 = 2*d - 612. What are the prime factors of d?
2, 71
Let x(g) = -g**2 - 6*g - 1. Let q be x(-5). What are the prime factors of (2/q)/((-2)/(-112))?
2, 7
Suppose -10*c + 5*c + 7659 = 3*h, -3*c - 2*h = -4595. List the prime factors of c.
3, 7, 73
Let y = -260 - -158. Let l = -15 - y. Let p = l + -30. What are the prime factors of p?
3, 19
Let g be ((-2)/(-6))/(22/858). Let a(h) = h + 31. List the prime factors of a(g).
2, 11
Suppose -3*p = 4*p. Suppose 36*u - 33*u - 639 = p. List the prime factors of u.
3, 71
Let g be ((-15)/(-4))/((-13)/(-780)). Suppose -3*q + 0*q = -g. What are the prime factors of q?
3, 5
Let q(p) = -p**2 + 9*p + 6. Let c be q(13). What are the prime factors of (79/(-1))/(23/c)?
2, 79
Let o(b) be the third derivative of -5*b**4/12 + b**3/2 - 3*b**2. Let f be o(2). Let t = 24 + f. What are the prime factors of t?
7
Let x = 17 - 22. Let v(f) = f**3 + 7*f**2 + 9*f + 11. What are the prime factors of v(x)?
2
Suppose -7817 - 2662 = -7*y. What are the prime factors of y?
3, 499
Let f(n) = n**2 - 17*n + 23. Let b be f(16). Let c(g) = 2*g**2 + 2*g + 6. What are the prime factors of c(b)?
2, 59
Suppose -4*y + 6*y - 2 = 0. Suppose 0 = -3*m + 5 + y. Suppose 0 = 3*h + m*h - 110. List the prime factors of h.
2, 11
Let w = 124 - 46. Let v = 227 - w. List the prime factors of v.
149
Suppose -3*j + 7*j - 1746 = -3*n, 2*n + 2*j - 1164 = 0. List the prime factors of n.
2, 3, 97
Let a(v) = v**3 + 30*v**2 + 28*v + 148. What are the prime factors of a(-27)?
1579
Suppose 5*p = -2*b + 224, 3*b + 4*p = 196 + 147. Let l = -31 - 11. List the prime factors of 3/(3 + b/l).
2, 7
Let b = -2150 + 3515. List the prime factors of b.
3, 5, 7, 13
Let r(k) = 139*k**2 + 11*k - 47. What are the prime factors of r(6)?
5023
Suppose 0*o + 4*y + 22 = 2*o, -6 = 2*y. Suppose -z + 2*c = -84, 110 = o*z - 4*c - 298. What are the prime factors of z?
2, 5
Let q(s) = 206*s - 116. List the prime factors of q(4).
2, 3, 59
Let g(o) = -11*o**3 - 6*o**2 - o - 4. Let v be g(-4). Let b be v/28 + 4/14. Suppose 0 = 5*y - 3*r - 175, -y - 3*r = -r - b. List the prime factors of y.
2
Suppose 25*f = 27*f - 580. What are the prime factors of f?
2, 5, 29
Let z(j) = j**3 + 17*j**2 - 16*j + 16. What are the prime factors of z(-16)?
2, 3, 11
Suppose 31*m - 23*m - 920 = 0. What are the prime factors of m?
5, 23
Suppose -4*r - n = -3101, -4*r - 2*n + 6*n + 3076 = 0. List the prime factors of r.
2, 3, 43
Let h be ((-20)/(-6))/((-2)/(-15)*5). Suppose -5*z - 41 = -j + 8, 0 = -z + h. What are the prime factors of j?
2, 37
Let v = 52 + -24. List the prime factors of 3/2 + 1834/v.
67
Let h be (-2)/(-8) - 92/(-16). Suppose -h = c - 4